{"id":238,"date":"2020-05-08T18:59:32","date_gmt":"2020-05-08T18:59:32","guid":{"rendered":"https:\/\/garciayllinares.com\/?page_id=238"},"modified":"2020-11-29T21:01:18","modified_gmt":"2020-11-29T21:01:18","slug":"seguros-defensa-juridica","status":"publish","type":"page","link":"https:\/\/www.garciayllinares.com\/index.php\/seguros-defensa-juridica\/","title":{"rendered":"SEGUROS DEFENSA JURIDICA"},"content":{"rendered":"<p>[vc_row 0=&#8221;&#8221;][vc_column width=&#8221;1\/2&#8243;][vc_single_image image=&#8221;535&#8243; img_size=&#8221;large&#8221; css_animation=&#8221;fadeInDown&#8221;][vc_column_text css_animation=&#8221;fadeInDown&#8221;]<\/p>\n<h4 class=\"su-column-inner su-clearfix\"><b>DEFENSAS JUR\u00cdDICAS<\/b><\/h4>\n<h4 class=\"su-column-inner su-clearfix\"><strong>Defensa Jur\u00eddica veh\u00edculos<\/strong><br \/>\n<strong>Defensa Jur\u00eddica Familiar<\/strong><br \/>\n<strong>Defensa Jur\u00eddica Comunidad\/Arrendador<\/strong><br \/>\n<strong>Defensa Jur\u00eddica Empresas<\/strong><br \/>\n<strong>Asistencia en viaje<\/strong><br \/>\nSubsidios<\/h4>\n<p>[\/vc_column_text][vc_btn title=&#8221;SOLICITAR PRESUPUESTO SIN COMPROMISO&#8221; style=&#8221;gradient&#8221; gradient_color_1=&#8221;pink&#8221; gradient_color_2=&#8221;violet&#8221; i_icon_fontawesome=&#8221;fa fa-star&#8221; css_animation=&#8221;fadeInUp&#8221; add_icon=&#8221;true&#8221; link=&#8221;url:https%3A%2F%2Fgarciayllinares.com%2Findex.php%2Fcontacto%2F|title:CONTACTO||&#8221;][\/vc_column][vc_column width=&#8221;1\/2&#8243;]<div class=\"wpforms-container wpforms-container-full\" id=\"wpforms-170\"><form id=\"wpforms-form-170\" class=\"wpforms-validate wpforms-form\" data-formid=\"170\" method=\"post\" enctype=\"multipart\/form-data\" action=\"\/index.php\/wp-json\/wp\/v2\/pages\/238\" data-token=\"47bf2c90a518b768d2ad7adf0a403f6a\" data-token-time=\"1776437802\"><noscript class=\"wpforms-error-noscript\">Por favor, activa JavaScript en tu navegador para completar este formulario.<\/noscript><div class=\"wpforms-field-container\"><div id=\"wpforms-170-field_0-container\" class=\"wpforms-field wpforms-field-name\" data-field-id=\"0\"><label class=\"wpforms-field-label\">NOMBRE <span class=\"wpforms-required-label\">*<\/span><\/label><div class=\"wpforms-field-row wpforms-field-medium\"><div class=\"wpforms-field-row-block wpforms-first wpforms-one-half\"><input type=\"text\" id=\"wpforms-170-field_0\" class=\"wpforms-field-name-first wpforms-field-required\" name=\"wpforms[fields][0][first]\" required><label for=\"wpforms-170-field_0\" class=\"wpforms-field-sublabel after\">Nombre<\/label><\/div><div class=\"wpforms-field-row-block wpforms-one-half\"><input type=\"text\" id=\"wpforms-170-field_0-last\" class=\"wpforms-field-name-last wpforms-field-required\" name=\"wpforms[fields][0][last]\" required><label for=\"wpforms-170-field_0-last\" class=\"wpforms-field-sublabel after\">Apellidos<\/label><\/div><\/div><\/div><div id=\"wpforms-170-field_3-container\" class=\"wpforms-field wpforms-field-number\" data-field-id=\"3\"><label class=\"wpforms-field-label\" for=\"wpforms-170-field_3\">TELEFONO <span class=\"wpforms-required-label\">*<\/span><\/label><input type=\"number\" id=\"wpforms-170-field_3\" class=\"wpforms-field-small wpforms-field-required\" name=\"wpforms[fields][3]\" required><\/div><div id=\"wpforms-170-field_10-container\" class=\"wpforms-field wpforms-field-text\" data-field-id=\"10\"><label class=\"wpforms-field-label\" for=\"wpforms-170-field_10\">DNI\/NIF<\/label><input type=\"text\" id=\"wpforms-170-field_10\" class=\"wpforms-field-small\" name=\"wpforms[fields][10]\" ><\/div><div id=\"wpforms-170-field_11-container\" class=\"wpforms-field wpforms-field-text\" data-field-id=\"11\"><label class=\"wpforms-field-label\" for=\"wpforms-170-field_11\">FECHA DE NACIMIENTO <\/label><input type=\"text\" id=\"wpforms-170-field_11\" class=\"wpforms-field-small\" name=\"wpforms[fields][11]\" ><\/div><div id=\"wpforms-170-field_12-container\" class=\"wpforms-field wpforms-field-text\" data-field-id=\"12\"><label class=\"wpforms-field-label\" for=\"wpforms-170-field_12\">FECHA CARNET CONDUCIR<\/label><input type=\"text\" id=\"wpforms-170-field_12\" class=\"wpforms-field-small\" name=\"wpforms[fields][12]\" ><\/div><div id=\"wpforms-170-field_15-container\" class=\"wpforms-field wpforms-field-text\" data-field-id=\"15\"><label class=\"wpforms-field-label\" for=\"wpforms-170-field_15\">TIPO DE SEGURO<\/label><input type=\"text\" id=\"wpforms-170-field_15\" class=\"wpforms-field-small\" name=\"wpforms[fields][15]\" ><\/div><div id=\"wpforms-170-field_1-container\" class=\"wpforms-field wpforms-field-email\" data-field-id=\"1\"><label class=\"wpforms-field-label\" for=\"wpforms-170-field_1\">CORREO ELECTRONICO<\/label><input type=\"email\" id=\"wpforms-170-field_1\" class=\"wpforms-field-small\" name=\"wpforms[fields][1]\" spellcheck=\"false\" ><\/div><div id=\"wpforms-170-field_2-container\" class=\"wpforms-field wpforms-field-textarea\" data-field-id=\"2\"><label class=\"wpforms-field-label\" for=\"wpforms-170-field_2\">COMENTARIO O MENSAJE<\/label><textarea id=\"wpforms-170-field_2\" class=\"wpforms-field-small\" name=\"wpforms[fields][2]\" ><\/textarea><\/div><\/div><!-- .wpforms-field-container --><div class=\"wpforms-field wpforms-field-hp\"><label for=\"wpforms-170-field-hp\" class=\"wpforms-field-label\">Comment<\/label><input type=\"text\" name=\"wpforms[hp]\" id=\"wpforms-170-field-hp\" class=\"wpforms-field-medium\"><\/div><div class=\"wpforms-submit-container\" ><input type=\"hidden\" name=\"wpforms[id]\" value=\"170\"><input type=\"hidden\" name=\"page_title\" value=\"\"><input type=\"hidden\" name=\"page_url\" value=\"https:\/\/www.garciayllinares.com\/index.php\/wp-json\/wp\/v2\/pages\/238\"><button type=\"submit\" name=\"wpforms[submit]\" id=\"wpforms-submit-170\" class=\"wpforms-submit\" data-alt-text=\"Enviando...\" data-submit-text=\"Enviar\" aria-live=\"assertive\" value=\"wpforms-submit\">Enviar<\/button><\/div><\/form><\/div>  <!-- .wpforms-container -->[\/vc_column][\/vc_row][vc_row 0=&#8221;&#8221;][vc_column 0=&#8221;&#8221;][\/vc_column][\/vc_row]<\/p>\n","protected":false},"excerpt":{"rendered":"<p>[vc_row 0=&#8221;&#8221;][vc_column width=&#8221;1\/2&#8243;][vc_single_image image=&#8221;535&#8243; img_size=&#8221;large&#8221; css_animation=&#8221;fadeInDown&#8221;][vc_column_text css_animation=&#8221;fadeInDown&#8221;] DEFENSAS JUR\u00cdDICAS Defensa Jur\u00eddica veh\u00edculos Defensa Jur\u00eddica Familiar Defensa Jur\u00eddica Comunidad\/Arrendador Defensa Jur\u00eddica Empresas Asistencia en viaje Subsidios<a href=\"https:\/\/www.garciayllinares.com\/index.php\/seguros-defensa-juridica\/\" class=\"more-link\">Ver m\u00e1s<\/a><\/p>\n","protected":false},"author":2,"featured_media":0,"parent":0,"menu_order":0,"comment_status":"closed","ping_status":"closed","template":"","meta":{"footnotes":""},"class_list":["post-238","page","type-page","status-publish","hentry"],"_links":{"self":[{"href":"https:\/\/www.garciayllinares.com\/index.php\/wp-json\/wp\/v2\/pages\/238","targetHints":{"allow":["GET"]}}],"collection":[{"href":"https:\/\/www.garciayllinares.com\/index.php\/wp-json\/wp\/v2\/pages"}],"about":[{"href":"https:\/\/www.garciayllinares.com\/index.php\/wp-json\/wp\/v2\/types\/page"}],"author":[{"embeddable":true,"href":"https:\/\/www.garciayllinares.com\/index.php\/wp-json\/wp\/v2\/users\/2"}],"replies":[{"embeddable":true,"href":"https:\/\/www.garciayllinares.com\/index.php\/wp-json\/wp\/v2\/comments?post=238"}],"version-history":[{"count":11,"href":"https:\/\/www.garciayllinares.com\/index.php\/wp-json\/wp\/v2\/pages\/238\/revisions"}],"predecessor-version":[{"id":599,"href":"https:\/\/www.garciayllinares.com\/index.php\/wp-json\/wp\/v2\/pages\/238\/revisions\/599"}],"wp:attachment":[{"href":"https:\/\/www.garciayllinares.com\/index.php\/wp-json\/wp\/v2\/media?parent=238"}],"curies":[{"name":"wp","href":"https:\/\/api.w.org\/{rel}","templated":true}]}}